{"id":2,"date":"2015-04-23T16:05:04","date_gmt":"2015-04-23T16:05:04","guid":{"rendered":"http:\/\/obis.esepf.pt\/observatorio\/?page_id=2"},"modified":"2016-12-12T11:12:31","modified_gmt":"2016-12-12T11:12:31","slug":"inicio","status":"publish","type":"page","link":"http:\/\/projeto.esepf.pt\/depsocial\/observatorio\/?page_id=2&lang=pt","title":{"rendered":"Quem Somos"},"content":{"rendered":"<p>Fazendo cruzar as \u00e1reas do trabalho social com as \u00e1reas da educa\u00e7\u00e3o, a interven\u00e7\u00e3o socioeducativa, mais que uma disciplina, configura um campo de a\u00e7\u00e3o e de reflex\u00e3o de natureza transdisciplinar. Realizada com pessoas e\/ou grupos em situa\u00e7\u00e3o de risco e vulnerabilidade manifesta ou latente, mas, na sua dignidade, sujeitas de direitos, a natureza t\u00e9cnica, relacional e \u00e9tica desta interven\u00e7\u00e3o visa a promo\u00e7\u00e3o da autonomia de pessoa, potenciando a sua capacita\u00e7\u00e3o subjetiva e c\u00edvica atrav\u00e9s de projetos inclusivos de car\u00e1ter preventivo e restabelecedores dos la\u00e7os sociais significativos.<\/p>\n<p>No quadro da\u00a0<em>praxis<\/em>\u00a0supra citada e no horizonte dos Direitos Humanos, o Observat\u00f3rio tem como objetivo principal contribuir para a capacita\u00e7\u00e3o profissional dos trabalhadores sociais e das suas institui\u00e7\u00f5es, nas especialidades ou dom\u00ednios de interven\u00e7\u00e3o preconizadas. Para tal,<\/p>\n<ul>\n<li>Na sua <a href=\"http:\/\/obis.esepf.pt\/?cat=16&amp;lang=pt\">interven\u00e7\u00e3o<\/a>, visa fornecer ferramentas de an\u00e1lise-diagn\u00f3stico, planifica\u00e7\u00e3o, interven\u00e7\u00e3o e avalia\u00e7\u00e3o de projetos de natureza socioeducativa, permitindo desenhar, com e para grupos humanos espec\u00edficos, estrat\u00e9gias e projetos de autonomia e de inclus\u00e3o social.<\/li>\n<li>Na sua <a href=\"http:\/\/obis.esepf.pt\/?cat=8&amp;lang=pt\">oferta formativa<\/a>, opta por promover modelos sustent\u00e1veis e sist\u00e9micos de interven\u00e7\u00e3o socioeducativa, fomentando ativamente a articula\u00e7\u00e3o de redes e parcerias sociocomunit\u00e1rias existentes e o di\u00e1logo interprofissional entre os diversos agentes implicados nos projetos em curso nos territ\u00f3rios considerados<b>.<\/b><\/li>\n<li>Na linha de <a href=\"http:\/\/obis.esepf.pt\/?cat=9&amp;lang=pt\">investiga\u00e7\u00e3o<\/a> \u201cDireitos Humanos e Interven\u00e7\u00e3o Socioeducativa\u201d estabelece a rela\u00e7\u00e3o entre os m\u00faltiplos fen\u00f3menos que desafiam a condi\u00e7\u00e3o humana contempor\u00e2nea e a interven\u00e7\u00e3o socioeducativa levada a efeito por diversos atores do espa\u00e7o p\u00fablico e consubstanciada em projetos de investiga\u00e7\u00e3o-a\u00e7\u00e3o, quando perspetivados na \u00f3tica dos Direitos Humanos.<\/li>\n<\/ul>\n","protected":false},"excerpt":{"rendered":"<p>Fazendo cruzar as \u00e1reas do trabalho social com as \u00e1reas da educa\u00e7\u00e3o, a interven\u00e7\u00e3o socioeducativa, mais que uma disciplina, configura um campo de a\u00e7\u00e3o e de reflex\u00e3o de natureza transdisciplinar. Realizada com pessoas e\/ou grupos em situa\u00e7\u00e3o de risco e vulnerabilidade manifesta ou latente, mas, na sua dignidade, sujeitas de direitos, a natureza t\u00e9cnica, relacional<a href=\"http:\/\/projeto.esepf.pt\/depsocial\/observatorio\/?page_id=2&#038;lang=pt\">[&#8230;]<\/a><\/p>\n","protected":false},"author":1,"featured_media":0,"parent":0,"menu_order":0,"comment_status":"closed","ping_status":"closed","template":"template-fullwidth.php","meta":[],"_links":{"self":[{"href":"http:\/\/projeto.esepf.pt\/depsocial\/observatorio\/index.php?rest_route=\/wp\/v2\/pages\/2"}],"collection":[{"href":"http:\/\/projeto.esepf.pt\/depsocial\/observatorio\/index.php?rest_route=\/wp\/v2\/pages"}],"about":[{"href":"http:\/\/projeto.esepf.pt\/depsocial\/observatorio\/index.php?rest_route=\/wp\/v2\/types\/page"}],"author":[{"embeddable":true,"href":"http:\/\/projeto.esepf.pt\/depsocial\/observatorio\/index.php?rest_route=\/wp\/v2\/users\/1"}],"replies":[{"embeddable":true,"href":"http:\/\/projeto.esepf.pt\/depsocial\/observatorio\/index.php?rest_route=%2Fwp%2Fv2%2Fcomments&post=2"}],"version-history":[{"count":11,"href":"http:\/\/projeto.esepf.pt\/depsocial\/observatorio\/index.php?rest_route=\/wp\/v2\/pages\/2\/revisions"}],"predecessor-version":[{"id":372,"href":"http:\/\/projeto.esepf.pt\/depsocial\/observatorio\/index.php?rest_route=\/wp\/v2\/pages\/2\/revisions\/372"}],"wp:attachment":[{"href":"http:\/\/projeto.esepf.pt\/depsocial\/observatorio\/index.php?rest_route=%2Fwp%2Fv2%2Fmedia&parent=2"}],"curies":[{"name":"wp","href":"https:\/\/api.w.org\/{rel}","templated":true}]}}

<p>Fazendo cruzar as áreas do trabalho social com as áreas da educação, a intervenção socioeducativa, mais que uma disciplina, configura um campo de ação e de reflexão de natureza transdisciplinar. Realizada com pessoas e/ou grupos em situação de risco e vulnerabilidade manifesta ou latente, mas, na sua dignidade, sujeitas de direitos, a natureza técnica, relacional e ética desta intervenção visa a promoção da autonomia de pessoa, potenciando a sua capacitação subjetiva e cívica através de projetos inclusivos de caráter preventivo e restabelecedores dos laços sociais significativos.</p>
<p>No quadro da <em>praxis</em> supra citada e no horizonte dos Direitos Humanos, o Observatório tem como objetivo principal contribuir para a capacitação profissional dos trabalhadores sociais e das suas instituições, nas especialidades ou domínios de intervenção preconizadas. Para tal,</p>
<ul>
<li>Na sua <a href="http://obis.esepf.pt/?cat=16&amp;lang=pt">intervenção</a>, visa fornecer ferramentas de análise-diagnóstico, planificação, intervenção e avaliação de projetos de natureza socioeducativa, permitindo desenhar, com e para grupos humanos específicos, estratégias e projetos de autonomia e de inclusão social.</li>
<li>Na sua <a href="http://obis.esepf.pt/?cat=8&amp;lang=pt">oferta formativa</a>, opta por promover modelos sustentáveis e sistémicos de intervenção socioeducativa, fomentando ativamente a articulação de redes e parcerias sociocomunitárias existentes e o diálogo interprofissional entre os diversos agentes implicados nos projetos em curso nos territórios considerados<b>.</b></li>
<li>Na linha de <a href="http://obis.esepf.pt/?cat=9&amp;lang=pt">investigação</a> “Direitos Humanos e Intervenção Socioeducativa” estabelece a relação entre os múltiplos fenómenos que desafiam a condição humana contemporânea e a intervenção socioeducativa levada a efeito por diversos atores do espaço público e consubstanciada em projetos de investigação-ação, quando perspetivados na ótica dos Direitos Humanos.</li>
</ul>

<p>Fazendo cruzar as áreas do trabalho social com as áreas da educação, a intervenção socioeducativa, mais que uma disciplina, configura um campo de ação e de reflexão de natureza transdisciplinar. Realizada com pessoas e/ou grupos em situação de risco e vulnerabilidade manifesta ou latente, mas, na sua dignidade, sujeitas de direitos, a natureza técnica, relacional<a href="http://projeto.esepf.pt/depsocial/observatorio/?page_id=2&#038;lang=pt">[&#8230;]</a></p>
